 of 20919853?
0
What is the tens digit of 17771093?
9
What is the units digit of 111038425?
5
What is the tens digit of 40082677?
7
What is the hundreds digit of 2590395082?
0
What is the thousands digit of 7560764?
0
What is the hundred thousands digit of 338664960?
6
What is the ten thousands digit of 108386959?
8
What is the ten millions digit of 5784219683?
8
What is the hundred thousands digit of 1758091632?
0
What is the units digit of 2765884460?
0
What is the ten thousands digit of 164560806?
6
What is the ten millions digit of 16128042?
1
What is the tens digit of 2669506985?
8
What is the tens digit of 499523098?
9
What is the tens digit of 10340723?
2
What is the ten thousands digit of 412518317?
1
What is the hundreds digit of 51639197?
1
What is the thousands digit of 332600818?
0
What is the tens digit of 551594853?
5
What is the ten millions digit of 1429062856?
2
What is the billions digit of 3523356512?
3
What is the units digit of 4633861?
1
What is the ten millions digit of 90963796?
9
What is the hundred thousands digit of 189095493?
0
What is the thousands digit of 166876393?
6
What is the ten millions digit of 510862340?
1
What is the hundreds digit of 204186022?
0
What is the billions digit of 1602041029?
1
What is the billions digit of 1037911979?
1
What is the hundreds digit of 48054885?
8
What is the ten thousands digit of 3745664?
4
What is the hundred thousands digit of 206539292?
5
What is the ten thousands digit of 853824706?
2
What is the hundred thousands digit of 1182788314?
7
What is the ten thousands digit of 2533096607?
9
What is the tens digit of 865149400?
0
What is the hundred thousands digit of 298853760?
8
What is the tens digit of 1175561338?
3
What is the hundred millions digit of 3232092857?
2
What is the units digit of 76529355?
5
What is the hundreds digit of 220672276?
2
What is the hundreds digit of 269457997?
9
What is the thousands digit of 73987965?
7
What is the millions digit of 1083093344?
3
What is the millions digit of 21446019?
1
What is the millions digit of 37962604?
7
What is the ten thousands digit of 12686332?
8
What is the units digit of 148555398?
8
What is the units digit of 754575068?
8
What is the hundred millions digit of 456567824?
4
What is the ten thousands digit of 59626824?
2
What is the hundreds digit of 13365408?
4
What is the tens digit of 62029904?
0
What is the ten millions digit of 21063975?
2
What is the hundred millions digit of 109488918?
1
What is the tens digit of 96430618?
1
What is the hundreds digit of 123926103?
1
What is the ten millions digit of 27573426?
2
What is the ten thousands digit of 1211621517?
2
What is the tens digit of 698798467?
6
What is the tens digit of 58335011?
1
What is the millions digit of 1400006668?
0
What is the thousands digit of 1256236754?
6
What is the ten thousands digit of 48542400?
4
What is the units digit of 166144174?
4
What is the units digit of 31078379?
9
What is the ten thousands digit of 362502561?
0
What is the millions digit of 113253916?
3
What is the millions digit of 35264544?
5
What is the hundred millions digit of 1203910201?
2
What is the thousands digit of 91536853?
6
What is the ten millions digit of 40864351?
4
What is the tens digit of 125405439?
3
What is the hundred millions digit of 114394987?
1
What is the hundreds digit of 175099784?
7
What is the millions digit of 191642382?
1
What is the ten thousands digit of 1275995507?
9
What is the ten millions digit of 120692061?
2
What is the millions digit of 48669717?
8
What is the ten thousands digit of 218444455?
4
What is the hundreds digit of 74529590?
5
What is the units digit of 249492815?
5
What is the hundreds digit of 82749542?
5
What is the hundreds digit of 10574983?
9
What is the millions digit of 150241108?
0
What is the tens digit of 4640010232?
3
What is the hundred millions digit of 695552171?
6
What is the hundred millions digit of 720526138?
7
What is the tens digit of 1218921135?
3
What is the hundreds digit of 25987152?
1
What is the hundreds digit of 2179689?
6
What is the hundred thousands digit of 91455026?
4
What is the hundreds digit of 130719733?
7
What is the hundreds digit of 5423874206?
2
What is the units digit of 1100351917?
7
What is the units digit of 73379793?
3
What is the hundred thousands digit of 12147548?
1
What is the billions digit of 6140667699?
6
What is the hundred thousands digit of 198197014?
1
What is the hundred thousands digit of 51420612?
4
What is the thousands digit of 793503649?
3
What is the hundreds digit of 1480401633?
6
What is the millions digit of 541329041?
1
What is the ten millions digit of 1698534117?
9
What is the ten millions digit of 2061863160?
6
What is the ten thousands digit of 538902817?
0
What is the hundred thousands digit of 267310158?
3
What is the hundred thousands digit of 32982574?
9
What is the thousands digit of 130170071?
0
What is the hundred thousands digit of 10748069?
7
What is the hundred thousands digit of 206293927?
2
What is the units digit of 1017776680?
0
What is the thousands digit of 1606649069?
9
What is the ten millions digit of 86938547?
8
What is the hundreds digit of 2787885628?
6
What is the millions digit of 16694948?
6
What is the thousands digit of 250058841?
8
What is the ten millions digit of 543651143?
4
What is the hundreds digit of 598618473?
4
What is the millions digit of 680346614?
0
What is the ten millions digit of 57603656?
5
What is the hundred millions digit of 1331039963?
3
What is the billions digit of 2624999171?
2
What is the millions digit of 217354776?
7
What is the hundred millions digit of 4273292607?
2
What is the thousands digit of 874851260?
1
What is the ten millions digit of 37778847?
3
What is the hundreds digit of 36403833?
8
What is the millions digit of 153780004?
3
What is the units digit of 2031211409?
9
What is the ten millions digit of 1573322772?
7
What is the thousands digit of 1415919697?
9
What is the hundred thousands digit of 759479953?
4
What is the thousands digit of 52614941?
4
What is the ten thousands digit of 140005293?
0
What is the hundred thousands digit of 2502740905?
7
What is the hundred thousands digit of 448121312?
1
What is the ten thousands digit of 4566716681?
1
What is the millions digit of 83505105?
3
What is the hundred millions digit of 223661233?
2
What is the billions digit of 1195339213?
1
What is the millions digit of 55028594?
5
What is the tens digit of 387682153?
5
What is the thousands digit of 23738582?
8
What is the ten millions digit of 507690919?
0
What is the millions digit of 2098015550?
8
What is the thousands digit of 399665240?
5
What is the thousands digit of 42892108?
2
What is the tens digit of 2629881539?
3
What is the thousands digit of 7133243?
3
What is the thousands digit of 1015758?
5
What is the hundred thousands digit of 123912442?
9
What is the thousands digit of 37636891?
6
What is the hundred millions digit of 218930517?
2
What is the millions digit of 721231348?
1
What is the units digit of 1741294461?
1
What is the hundred thousands digit of 143977049?
9
What is the hundreds digit of 1408608708?
7
What is the billions digit of 1292562348?
1
What is the billions digit of 2767698546?
2
What is the hundreds digit of 62955932?
9
What is the units digit of 6785898?
8
What is the units digit of 1770915183?
3
What is the ten millions digit of 523350165?
2
What is the hundred thousands digit of 1367500119?
5
What is the hundreds digit of 7891449450?
4
What is the ten thousands digit of 118442925?
4
What is the hundred millions digit of 246628544?
2
What is the tens digit of 38658760?
6
What is the hundred thousands digit of 457603695?
6
What is the thousands digit of 393742111?
2
What is the hundred thousands digit of 4283550050?
5
What is the hundred millions digit of 309083840?
3
What is the ten thousands digit of 55994945?
9
What is the units digit of 372781185?
5
What is the thousands digit of 7679468615?
8
What is the millions digit of 2717185041?
7
What is the tens digit of 5245771?
7
What is the ten thousands digit of 659675808?
7
What is the hundred millions digit of 640696929?
6
What is the hundred millions digit of 1354788349?
3
What is the units digit of 47